z - 10. What is the tens digit of f?
1
Let n(c) = c**2 + 5*c - 9. Let h be n(-5). Let q = 1 - h. What is the units digit of q?
0
Let f(b) = -5*b**3 + b**2 + 12*b + 6. What is the hundreds digit of f(-4)?
2
Suppose 2*j = -2*p, 3*j + 0*j = -5*p. Suppose p = -2*r + 3*r. Suppose r = -0*u - u + 5*d + 59, 3*u = -3*d + 87. What is the tens digit of u?
3
Let n(z) = 2*z + 6. Let m(p) = -p - 5. Let t be m(-7). Suppose -t*d - 3*d + 30 = 0. What is the tens digit of n(d)?
1
Let a = -2401 - -3431. What is the tens digit of a?
3
Let j(y) = -y**2 - 30*y - 207. Let h be j(-20). Let m(g) = -4 + 8*g + 2 + g**3 + 9*g**2 - 10. What is the units digit of m(h)?
0
Suppose -r - m = 0, 2 + 4 = r - 2*m. Let x be (4 + -5)*(r + -2). Suppose x*s - 2*j + 24 = s, 28 = s + j. What is the tens digit of s?
3
Suppose 3435 = y - 3*x, 2*x - 7287 = -4*y + 6495. What is the tens digit of y?
4
Let l be 2/8 - 19/76. Suppose s - 3 = -5*u, l = 2*u - 7*u - 5. What is the units digit of s?
8
Let n = 104 + -102. What is the units digit of 66/n*85*(-7)/(-105)?
7
Let u = 1139 + -730. What is the units digit of u?
9
Suppose 17798 - 131 = 9*s. What is the hundreds digit of s?
9
Let r(c) = 2*c**2 + 5*c + 798. What is the units digit of r(0)?
8
Let x(b) = 2*b + 15. Let y be x(-5). Suppose -y*p + 99 + 106 = 0. What is the units digit of p?
1
Let c = 37 - 33. Suppose -2*t = -c*u + 84, 38 = 5*u - 3*u - 3*t. What is the tens digit of u?
2
Let v be (-2)/(-12) + 66/36. Suppose 10*r - 2048 = v*r. What is the hundreds digit of r?
2
Let d(p) = -p**3 + 36*p**2 - 19*p - 202. What is the tens digit of d(34)?
6
Let a(z) = 4*z + 5. Let c = 28 + -22. Let x be (c - 2) + -1 + 3. What is the tens digit of a(x)?
2
Suppose -11 - 4 = 3*i. Let z(y) = 2*y**2 - 5*y - 5. Let u(d) = -d**2 + d + 1. Let n(m) = i*u(m) - z(m). What is the tens digit of n(2)?
1
Suppose 2*k + 13 = 3*o, o + 10 = -k + 6*o. What is the tens digit of (k/2)/(-5)*346?
7
Let u = 1071 + -404. What is the units digit of u?
7
Suppose 0*m = -m + 4, -m + 2635 = 3*r. What is the tens digit of r?
7
Suppose 3*g - 8904 = 367*f - 370*f, -14885 = -5*f + 4*g. What is the tens digit of f?
7
Let j be (3/2)/(-1) + 4819/(-122). What is the units digit of j*(-1*(5 + 2) + 2)?
5
Suppose 3*y = -y + 2*b - 8, 0 = 3*y + 4*b + 6. Let f be y/(-5)*75/10. Suppose -f*p = 5 - 149. What is the units digit of p?
8
Let m be 45/(-6)*6/(-5). Let a = 7 - m. What is the tens digit of 18 - (a + 1) - 0?
1
Suppose 0 = -4*n + 1136 - 368. What is the tens digit of n/3 + -3 + -2?
5
Suppose 2 = 5*v + 3*w - 31, 0 = v + 4*w - 10. Suppose v*y + 426 = 1572. What is the hundreds digit of y?
1
Suppose 0*s + 3*s = 9. Let g(m) = 8*m + 5 - s + 6 + 3 + m**2. What is the units digit of g(-8)?
1
Suppose 20*m = 16*m + 72. Let w = m - -2. Suppose 4 = -l - 5*v + 2, 2*l = 2*v + w. What is the units digit of l?
8
Let z(q) = -1. Let a be (-1 - 1)*(-5)/10. Let l(y) = y**2 + 11*y - 3. Let j(p) = a*l(p) - 4*z(p). What is the units digit of j(-12)?
3
What is the tens digit of 663 - (168/7)/4?
5
Let w be (-156)/(-13)*58/8. Let c = 56 + w. What is the hundreds digit of c?
1
Let g = 111 - 217. What is the tens digit of (-9 + 11)*g/(-4)?
5
Suppose 10532 = 837*k - 833*k. What is the units digit of k?
3
Suppose 8 = -0*c - 2*c. Let f = 29 - 32. What is the units digit of (f + -1)*26/c?
6
Let q = 290 + 164. What is the units digit of q?
4
Let p(v) = -v**3 - 7 - 16*v - 13*v**2 + v - 4. Let y(q) = 3*q**2 + 15*q. Let j be y(-1). What is the tens digit of p(j)?
2
What is the units digit of ((-4)/6)/(46/(-3105))?
5
What is the units digit of (7 + 0 - 1)*14658/63?
6
Suppose -2*l = -3*l + 1. Let p(j) = j**2 - 2*j - 6. Let w be p(5). What is the tens digit of l*(-3)/(w/(-69))?
2
Suppose h - 146 + 32 = 0. Suppose m - h = -35. What is the tens digit of m?
7
Suppose -1091 = -5*r - 3*g, -2*r + 2*g + 1106 = 3*r. Suppose -4*j = -5*f + r, 4*f + 5*j - 85 = 132. Suppose -f - 4 = -x. What is the tens digit of x?
5
What is the units digit of (-3)/3*(-18)/1?
8
What is the units digit of 13610/36 + 22/(-396)?
8
Let k = -8324 - -4118. What is the hundreds digit of -2 + 14/8 + k/(-24)?
1
Let x be ((-56)/(-35))/(4/10). Let y be -290*(0 + x/8). What is the units digit of y/(-6) - 2/12?
4
Let z = -6266 + 10541. What is the units digit of z?
5
Let y = 2948 + -2050. What is the hundreds digit of y?
8
Suppose -4*n + 432 = -2*d, 0 = 3*d + 5*n + 399 + 293. Let q = d + 504. What is the tens digit of q?
8
Let b = 176 - -18. Suppose 8*x = 1198 + b. What is the hundreds digit of x?
1
Suppose 5*x - 2375 = 325. Suppose 0 = 5*u - x + 55. What is the tens digit of u?
9
Let m(o) = 9*o**2 + 10*o + 18. What is the units digit of m(-3)?
9
Let u(t) = -224*t - 95. What is the thousands digit of u(-13)?
2
Let d(b) = -b**3 + 9*b**2 - 7*b - 5. Let f be d(8). Suppose -f*i + 92 = 4*a, -2*i + 2*a = i - 116. Suppose -4*v + i = -92. What is the tens digit of v?
3
Let a be (-1)/2 - 30/(-12). Suppose 0 = a*r + g + 27, g + 2*g + 26 = -r. Let u = r - -25. What is the units digit of u?
4
Suppose j + 4*j = 0. Suppose -4 = -z - j. Let q = z + 7. What is the tens digit of q?
1
Suppose n + 0 = 6. Let c(y) = y**2 + 2*y - 9. What is the tens digit of c(n)?
3
What is the thousands digit of -7*(-26)/(-1365) + (-45737)/(-15)?
3
What is the tens digit of (-102238)/(-18) - (-59)/531?
8
Suppose 14*n = 506 + 3176. Suppose -l - i + n = -4*i, 5*i = -5*l + 1355. What is the tens digit of l?
6
Suppose 7*a = 12*a - 15. What is the units digit of -2 + 23/a - (-6)/18?
6
Suppose 3*f = 3*j - 612, 0 = -4*j - 5*f - 0*f + 861. Suppose j = 3*p - 4*k, -2*p - 4*k = -0*k - 166. What is the units digit of p?
5
Suppose -5 = -4*f - f, 0 = 5*v - f - 119. Let i = v + 16. What is the units digit of i?
0
Let a = 17 - 13. Suppose 4*g - j - 73 = 0, a - 9 = 5*j. What is the units digit of g?
8
What is the hundreds digit of (-2)/6*669/6*-6?
2
Suppose -3*c - 4 + 13 = 0, 0 = -r + 3*c - 19. Let s = 3 + 22. Let u = s + r. What is the units digit of u?
5
Suppose -47298 = -25*x + 11077. What is the hundreds digit of x?
3
Let h(m) = m**3 + 7*m**2 - 2*m - 14. Let o be h(-7). Let i(a) = a**3 + 2*a**2 + 161. What is the tens digit of i(o)?
6
Let k = 13 - 11. Let y be (8/10)/(k/60). What is the units digit of 56/y*(-6)/(-1)?
4
Let v be 8*(-2 + (-38)/4). Let x = -214 + 84. Let n = v - x. What is the units digit of n?
8
Suppose -1 = 4*o + 23. Let k = o + 11. Suppose -2*l + k = 3. What is the units digit of l?
1
Suppose 2*y - 2 = 3*a, 4*y - 24 = -0*a - 4*a. Suppose -5*n + 5*x + 441 = -a*n, 4*x - 556 = -4*n. What is the units digit of n?
2
Suppose -m - m - 2*c + 374 = 0, c = 4*m - 768. Let o = m - 103. What is the units digit of o?
8
Let z = -69 - -124. What is the tens digit of z?
5
Let a(c) = 20*c**2 - c + 37. What is the tens digit of a(6)?
5
Let o(l) = 51*l + 3. Let x be o(-2). Let y be (-22)/x + 349/9. Let c = 73 - y. What is the units digit of c?
4
Let j(x) = -246*x + 496. What is the units digit of j(-7)?
8
Let s(k) = 17*k**2 - 31*k - 4. What is the units digit of s(5)?
6
Suppose -1 = -4*l + 19. Suppose -2*z + 4*q = -14, -l*q + 6 = -2*z + 21. Suppose 20 - 60 = -z*p. What is the units digit of p?
8
Let a = 136 + 410. What is the tens digit of a?
4
Suppose -51*s + 11704 = -29*s. What is the hundreds digit of s?
5
Suppose 13*t = 4*k + 12*t - 6087, -4*t = -2*k + 3026. What is the hundreds digit of k?
5
Suppose -12 = 3*d + 4*z, z + 3 = -2*d - 0*d. Suppose 2*n = -5*b - 17, 5*n + 2*b - 7 = 3. Suppose d = 4*j - n. What is the units digit of j?
1
What is the tens digit of (577/(-5) + 8/(-4))*-5?
8
Let h = -116 - -108. Let j = 6 - -27. Let t = j - h. What is the units digit of t?
1
Let p = 96 - 92. Suppose -4*g = -p*i - 684, 0*i + i = -3*g + 501. What is the hundreds digit of g?
1
Let o = 14 - 12. Suppose -3*n - o*c = -n - 216, -n - 4*c + 99 = 0. What is the units digit of n?
1
Let y = -1010 + 2650. What is the units digit of y?
0
Suppose p = 4*i + 250, -p + 5*i + 112 = -141. Suppose 641 = 3*c + 2*g, -3*c + 397 + p = 5*g. What is the units digit of c?
5
Let o(r) = -65*r - 135. What is the tens digit of o(-10)?
1
Suppose -5*o = 5*h + 35, 3*o = h + 2*h + 3. Let y be ((-6)/o)/(3/6). Suppose -y*f = -16, 2*t = -t - 4*f + 172. What is the units digit of t?
2
Suppose 0 = -5*j + 3*d + 1633, -3*j + 7*d - 6*d + 979 = 0. What is the units d